-q - 5*f, 2*f - f - 523 = -3*q. Calculate the greatest common divisor of h and q.
16
Suppose 4*j + 5*k - 117 = 0, -6*j + 5*j + 26 = -2*k. What is the greatest common factor of j and 1428?
28
Let p = 88 + -33. Let x = p + -37. Calculate the highest common factor of 45 and x.
9
Suppose -26*c - 1126 = -11682. What is the highest common divisor of 58 and c?
58
Let h(k) = 2*k**2 - 13*k. Let n(g) = -3*g**2 + 13*g. Let q(t) = 4*h(t) + 3*n(t). Let j be q(-10). What is the greatest common divisor of j and 15?
15
Suppose 0 = -34*y - 51*y + 23120. Suppose 3*p = 3*i + 66, -19 - 27 = -3*p - i. What is the greatest common divisor of y and p?
17
Let d be 7 + (34/(-10) - (-2)/5). Suppose -27 - 53 = -d*r. Calculate the greatest common divisor of r and 8.
4
Let o(s) = 3*s**2 + 10*s + 1. Let f be o(-5). Let t be 3432/(-32)*(-8)/3. Calculate the highest common factor of t and f.
26
Suppose 4*o + 2*t - 48 = 0, -t + 33 = 3*o - 3. Suppose 6*m + 96 = o*m. Calculate the highest common factor of m and 2.
2
Let a(o) = -2*o - 34. Let x be a(-24). What is the greatest common divisor of 21 and x?
7
Suppose -9 = -6*g + 15. Let i be 32/(18/g - 4). What is the highest common divisor of 8 and i?
8
Suppose 1 = -h - 1. Let c be h/(-3) - 2/(-6). Suppose x - 8*x + 15 = 8*x. What is the greatest common factor of c and x?
1
Let f be 7*1 + (-25 - -22). What is the greatest common divisor of 13 and f?
1
Let k = 31 - 29. Suppose 5*v + 2 - 17 = -5*g, -v = k*g - 7. Suppose 4*o - l = -0*l + 6, 4*l = g*o - 12. What is the greatest common divisor of 5 and o?
1
Let c = 272 - 209. What is the highest common divisor of 9 and c?
9
Let v(i) be the second derivative of i**5/20 - i**4/6 - i**3/6 + 20*i**2 + 51*i. Let d be v(0). Calculate the greatest common factor of d and 8.
8
Let j(h) = -h**3 + 18*h**2 + 18. Let t be j(18). Suppose -81 = -3*r + t. Calculate the highest common factor of 11 and r.
11
Let d(f) = 34*f**2 + f - 2. Let c be d(-3). Suppose -r - 4*i + 23 = 0, r - 6*i + 2*i - 63 = 0. What is the greatest common factor of r and c?
43
Suppose -7260 = -102*u + 72*u. Suppose 0 = 2*g + 3*t - 59, -2*g - 5*t - 8 + 77 = 0. What is the greatest common factor of u and g?
22
Let x = 996 - 966. Let m be 46/4 - (-3)/6. Calculate the highest common divisor of x and m.
6
Suppose -w + 7 = -0. Suppose -4*l + 10 = 2*s, -2*l + 0*s + s = -w. Let p(d) = d**2 - 2*d + 4. Let t be p(l). Calculate the greatest common divisor of 77 and t.
7
Suppose -36*a + 38*a = 6. Suppose 3*t + a*o - 7 = 86, t - 35 = -2*o. What is the highest common factor of t and 18?
9
Suppose -4*o + 94 = 3*y - 2*y, -y = -3*o + 74. What is the highest common divisor of o and 18?
6
Let c be (-315)/(-6)*(-4)/(-3). What is the highest common divisor of c and 105?
35
Let m = 63 - 38. Let v be (60/m)/((-8)/(-20)). What is the greatest common divisor of v and 48?
6
Let o(a) = -13*a + 15. Let r be o(7). Let k = -63 - r. Calculate the highest common factor of k and 1.
1
Let m = -19 - -26. Let a(p) = -3*p + 0*p - p**2 + 13*p - 7. Let l be a(m). Calculate the greatest common divisor of 42 and l.
14
Let q be -2*6*17/(-4). Let r be (-23 - -12) + 46 - 1/(1 - 0). What is the greatest common divisor of q and r?
17
Let p = 179 - 170. What is the highest common factor of 261 and p?
9
Let w(i) = i + 8. Let n be w(-5). Suppose -2*o + 3*u - 6 = 0, -2*u + 7*u = 10. Let f = 3 - o. What is the greatest common factor of n and f?
3
Suppose -s - 86 - 19 = -4*l, -25 = 5*s. Suppose -7 = -2*w + l. What is the greatest common divisor of w and 64?
16
Let q = 1008 + -532. Calculate the highest common factor of q and 56.
28
Let q = -44 - -46. Suppose 0 = -c - q*i + 1 - 4, 4*i = 2*c - 34. Calculate the greatest common factor of 1 and c.
1
Let y(s) be the third derivative of -s**5/60 + s**4/6 + s**3/3 - 28*s**2. Let a be y(4). Calculate the greatest common divisor of 8 and a.
2
Let h(i) be the third derivative of i**6/30 - i**5/30 + i**4/24 - i**3/6 + 18*i**2. Let r be h(1). Calculate the highest common factor of r and 14.
2
Let c be 13/(-4)*(27 - (6 + 1)). Let u be (-1)/(1/(-208)) - (c - -63). Calculate the greatest common divisor of 42 and u.
42
Suppose -2*g + 14 = -2*f + 32, -5*f - 3*g = -13. Suppose 2*u = 15 + 55. What is the highest common divisor of u and f?
5
Let j be 4 + 15/40*24. Let u = 37 - 24. Let h = u + 13. Calculate the greatest common factor of j and h.
13
Let m = -19 + 23. Suppose -m = 3*p - 1, -75 = -2*r - 5*p. What is the highest common factor of 4 and r?
4
Let f = 8 + 2. Suppose 0 = -5*z + f*z + 20. Let o be 2 + (-40)/(z + 0). What is the greatest common factor of 3 and o?
3
Let l = -199 + 223. Calculate the greatest common factor of 114 and l.
6
Let h(t) = -t**2 + 17*t + 5. Let i be 6/((-18)/(-47)) - (-1)/3. Let l be h(i). What is the greatest common divisor of l and 3?
3
Suppose 0 = -4*g - 12, 36 = 5*t + 2*g + g. Suppose 3*d + 99 = 4*d. Calculate the greatest common factor of t and d.
9
Suppose 4*k - 6 = 2*k. Suppose 78*o = 105*o - 648. What is the greatest common divisor of o and k?
3
Let n = 1237 - 1196. Let p(y) = 14*y**2 - 3. Let g be p(3). Calculate the highest common divisor of g and n.
41
Let n(a) = -a + 176. Let k be n(0). Let m(o) = 31*o - 2. Let q be m(2). Let j be (q/(-25))/(6/(-40)). What is the greatest common factor of k and j?
16
Suppose -4*p = -r + 3, 4*r - 3 + 7 = 0. Let h be p/2 - 558/4. Let b = -82 - h. What is the greatest common factor of 29 and b?
29
Suppose -7*x + 5*x - j = -41, -3*j - 97 = -5*x. Calculate the greatest common divisor of 20 and x.
20
Suppose -3*i - 3 = 0, 3*i + 13 = -m - 4*m. Let g = m - -20. Suppose 51*u + 23*u = 14652. What is the greatest common divisor of g and u?
18
Let i = 325 + -165. Suppose 0*r = 3*r - 192. Calculate the highest common factor of i and r.
32
Suppose 3*b - 3 = 18. Let h be 5/20*(27 - -1). What is the greatest common divisor of h and b?
7
Suppose 0 = -5*y + 11 + 4. Let b(x) = 3*x**3 - 4*x - 5. Let j be b(y). What is the highest common divisor of j and 8?
8
Suppose 0 = -4*x - 4*b + 256, 4*x - 83 - 183 = -2*b. What is the highest common factor of x and 1081?
23
Suppose 9*r = 10*r. Let l be (-16)/6*108/4. Let c be 3/(r + (-4)/l). Calculate the highest common divisor of c and 27.
27
Let m(p) = 4*p - 35. Let w be m(11). Let k be 7/(-9) + (-4)/18. Let l be (-1*2)/(k/9). What is the highest common factor of w and l?
9
Suppose -5*l + 4 = n - 24, 3*n - 148 = l. Let h = 83 - n. Calculate the greatest common factor of 5 and h.
5
Suppose 10 = z + 2. Suppose -108 = -k + 5*l, 0*k - 3*k = l - 260. Calculate the greatest common divisor of z and k.
8
Let x(j) = -6*j. Let a be 1 - ((6 - 2) + -1). Let o be x(a). Suppose 4*r + 8 = 0, -3*w + 58 = w - 5*r. Calculate the highest common factor of o and w.
12
Suppose -3*s + 398 = 14. Suppose -f - 3*f = -s. Let g(n) = 5*n**2 - 2*n - 7. Let t be g(-5). Calculate the highest common factor of t and f.
32
Let d be 23/(-4) - 21/(-28) - -47. Let o be (-6)/33 - (-2)/11. Suppose 4*n - 14 - 98 = o. What is the greatest common factor of n and d?
14
Let d = 72 - 60. Calculate the greatest common divisor of 20 and d.
4
Let d(y) = -y**2 + 5*y - 1. Let r be d(4). Suppose 0*p = p - r. Suppose 2*x - 5 = l, p*l - 2*x - 1 = -0*l. What is the highest common divisor of 6 and l?
3
Suppose -7*a = -4*a - 6. Suppose a*f - 160 = -2*o, 4*o - 3*f - 348 = -0*f. Let w be ((-14)/(-8))/(2/24). What is the greatest common factor of o and w?
21
Let s(x) = -80*x**2 - x - 1. Let u be s(-1). Let b be 6/(-4 - 332/u). What is the highest common factor of b and 320?
40
Let y(q) = 2*q - 23. Let n(z) = 4*z - 53. Let c(x) = 4*n(x) - 9*y(x). Suppose -10 - 15 = 5*u. Let g be c(u). What is the highest common factor of g and 40?
5
Let c be (6 - -3) + -1 + 3. Suppose -3*o + c = -4. Calculate the greatest common factor of 25 and o.
5
Let t(f) = 14*f - f**2 - 19*f + 9*f + 14. Let b be t(6). Suppose -b*h + 1 = -h. Calculate the highest common divisor of 5 and h.
1
Let q = 53 + 22. Let v(f) = -f**2 + 13*f - 10. Let w be (2 - 2) + 9 - 1. Let g be v(w). What is the highest common factor of q and g?
15
Suppose -36 = -5*m + 74. Let r(c) = 5*c**2 - 170*c + 111. Let n be r(35). Calculate the highest common divisor of m and n.
22
Suppose -343*h - 216 = -352*h. Let n be 1/(1 + 60/(-64)). What is the greatest common divisor 